lse
Is 31050981919 prime?
True
Is 22930255031 a prime number?
True
Is 4271583221 a composite number?
True
Is 373778023 a prime number?
False
Is 346514747 prime?
False
Is 13840768427 a composite number?
False
Is 1828541203 prime?
True
Is 1639146071 prime?
False
Is 2775805229 prime?
True
Is 3761474567 prime?
True
Is 53912687107 prime?
True
Is 1108112611 prime?
True
Is 1902602593 a composite number?
True
Is 198688753 a composite number?
True
Is 864075599 a composite number?
True
Is 8108732741 a composite number?
False
Is 5706020189 prime?
False
Is 36346062383 composite?
True
Is 51277779053 composite?
False
Is 2078075434 a composite number?
True
Is 8708064847 prime?
True
Is 16204436819 prime?
True
Is 8164426931 a prime number?
False
Is 4771256719 prime?
True
Is 321583630399 a composite number?
False
Is 3016088419 a composite number?
False
Is 21041006807 a prime number?
True
Is 12393781271 prime?
True
Is 11981948827 a prime number?
True
Is 4114498483 composite?
True
Is 38798509333 a prime number?
False
Is 316718543 a composite number?
True
Is 14073251329 composite?
False
Is 67965191 a composite number?
True
Is 567048703 a prime number?
False
Is 43677429533 a prime number?
True
Is 26264639 composite?
False
Is 3377960897 a composite number?
True
Is 6754108073 a composite number?
False
Is 4835536619 prime?
True
Is 136188501926 composite?
True
Is 869846963 a composite number?
True
Is 3677697889 composite?
False
Is 356887925609 composite?
False
Is 14352863491 prime?
True
Is 12657477859 a composite number?
True
Is 23799228281 a prime number?
False
Is 64943069 a prime number?
False
Is 12642265723 composite?
False
Is 1579345277 composite?
True
Is 43455185269 composite?
True
Is 6933659591 composite?
True
Is 4815962399 a composite number?
True
Is 3020590333 a composite number?
False
Is 56607321179 prime?
True
Is 44173718753 prime?
True
Is 45313783817 prime?
True
Is 6909378961 prime?
False
Is 150410006543 composite?
False
Is 3225204137 composite?
False
Is 709677539 composite?
False
Is 21566781347 prime?
False
Is 37885319 a prime number?
False
Is 51203083 a composite number?
True
Is 2260194169 a prime number?
False
Is 32794628423 composite?
False
Is 888902411 prime?
False
Is 34959397991 a composite number?
True
Is 3032541217 prime?
True
Is 425939009 a prime number?
True
Is 45750897613 a prime number?
True
Is 320968871 composite?
False
Is 2546173297 prime?
True
Is 15598719581 composite?
False
Is 15006254119 composite?
False
Is 2157531581 a composite number?
False
Is 26679241 composite?
True
Is 8033745227 composite?
False
Is 293552115391 composite?
False
Is 2135319331 prime?
True
Is 64455108701 a prime number?
True
Is 1201141033 a prime number?
True
Is 6853700239 a composite number?
True
Is 2273284187 composite?
False
Is 15350156473 prime?
False
Is 3931611253 a prime number?
True
Is 241849961 composite?
True
Is 387073889 a prime number?
False
Is 40368904465 a composite number?
True
Is 181959367 a prime number?
False
Is 578463071 composite?
False
Is 40576704277 composite?
False
Is 911168257 a prime number?
True
Is 195810714514 composite?
True
Is 83678285611 composite?
False
Is 120442090807 a prime number?
False
Is 24372057653 prime?
True
Is 193502263 a prime number?
True
Is 27171772151 a composite number?
False
Is 884000353 a prime number?
True
Is 47041057819 a prime number?
False
Is 3932219257 a prime number?
True
Is 1386144821 a prime number?
False
Is 488722043 composite?
True
Is 349692583 a prime number?
False
Is 42121392233 composite?
True
Is 4369878607 a prime number?
True
Is 17318143697 prime?
True
Is 694562941 a composite number?
False
Is 534216499 a prime number?
True
Is 21798571 composite?
False
Is 60081148039 composite?
True
Is 30538202861 prime?
True
Is 124765427 prime?
False
Is 30561672266 a prime number?
False
Is 4498875851 prime?
False
Is 1042563481 a composite number?
True
Is 4066353889 composite?
True
Is 848961371 a prime number?
False
Is 3243629 composite?
False
Is 1814852653 a prime number?
True
Is 4441794871 composite?
False
Is 4831395377 a composite number?
False
Is 172200907 a composite number?
False
Is 46276121 prime?
True
Is 215093419 a prime number?
True
Is 9052107523 prime?
True
Is 6201821371 composite?
False
Is 1809559853 composite?
True
Is 1130386259 a prime number?
False
Is 7147715417 a composite number?
True
Is 58600919361 composite?
True
Is 60831497 composite?
True
Is 973686137 a composite number?
False
Is 105927911 a composite number?
False
Is 28714271 composite?
False
Is 22073304611 composite?
True
Is 4551923177 a composite number?
False
Is 665930093 a prime number?
True
Is 19364535787 composite?
True
Is 5370728887 prime?
True
Is 336997393 composite?
True
Is 7231532171 a composite number?
False
Is 22383161 a composite number?
False
Is 29459499961 composite?
False
Is 535590463 a prime number?
True
Is 456644747 prime?
False
Is 89061073 a composite number?
False
Is 8526790523 a prime number?
True
Is 1988504461 prime?
True
Is 16502026777 a prime number?
False
Is 16928241893 prime?
True
Is 828851501 prime?
True
Is 22045391411 a composite number?
False
Is 1731310081 composite?
False
Is 3501492707 a composite number?
True
Is 80665217 composite?
True
Is 178179583 a composite number?
True
Is 3772021801 prime?
False
Is 1358957923 a composite number?
True
Is 45095831317 a composite number?
True
Is 9856879187 a prime number?
True
Is 5404535261 composite?
False
Is 116079182207 prime?
False
Is 22643308363 a prime number?
False
Is 90783132859 a prime number?
False
Is 3540684071 a prime number?
False
Is 244889970005 a composite number?
True
Is 4069487921 prime?
True
Is 197978623 prime?
True
Is 1495130095 prime?
False
Is 3761595427 composite?
True
Is 730556377 a composite number?
False
Is 41670428813 prime?
False
Is 466779893 prime?
True
Is 7877654419 a prime number?
False
Is 2360592019 composite?
False
Is 112738733023 composite?
True
Is 5942917531 prime?
True
Is 15797445311 prime?
True
Is 502826217 a composite number?
True
Is 731310227 a prime number?
True
Is 3300097 a composite number?
False
Is 1593165713 prime?
False
Is 33354629843 a composite number?
False
Is 9213577181 a composite number?
False
Is 4117424921 prime?
False
Is 22590905237 a composite number?
False
Is 26625191041 a composite number?
False
Is 1468521843 prime?
False
Is 959068777 a composite number?
True
Is 1634519071 a prime number?
False
Is 183978578647 a composite number?
False
Is 2743361837 a composite number?
False
Is 48334281061 a composite number?
True
Is 5699467 a composite number?
False
Is 3916526543 a composite number?
True
Is 15431842103 composite?
True
Is 140656067 a prime number?
False
Is 6406192601 a prime number?
False
Is 29817124241 composite?
True
Is 1015849543 a composite number?
True
Is 74346341 a prime number?
False
Is 7746258203 a prime number?
True
Is 31223197651 composite?
False
Is 14640883891 prime?
False
Is 59346588337 a prime number?
False
Is 56088996863 composite?
False
Is 60383836769 composite?
False
Is 63847829 prime?
False
Is 15796096287 prime?
False
Is 937353997 a composite number?
False
Is 90249028553 a composite number?
False
Is 7851971581 a prime number?
False
Is 12595522019 composite?
True
Is 5367813809 a composite number?
False
Is 1022816891 a prime number?
True
Is 492610565 prime?
False
Is 2584753841 a prime number?
True
Is 1691580029 composite?
False
Is 10148622037 a composite number?
True
Is 545892131 prime?
False
Is 6912800047 a composite number?
False
Is 139119567953 composite?
False
Is 151776996157 composite?
False
Is 4011625019 a composite number?
False
Is 30041438731 prime?
True
Is 10137017911 prime?
True
Is 236656717 prime?
False
Is 83325982381 a composite number?
False
Is 20678897543 composite?
False
Is 1024474309 a composite number?
True
Is 610399949 composite?
True
Is 354972803 a prime number?
False
Is 4080758561 prime?
False
Is 2944679927 prime?
False
Is 26817672671 composite?
False
Is 55587300577 a composite number?
True
Is 667214293 composite?
False
Is 206399099 a composite number?
True
Is 31627439 prime?
False
Is 51750992557 a prime number?
False
Is 7181018591 a composite number?
True
Is 1240370403 a prime number?
False
Is 12427678349 a composite number?
True
Is 82861812223 a prime number?
False
Is 4336655801 composite?
True
I